at is r(4)?
21
Let x(l) = 3*l + 1. Determine x(-1).
-2
Let j(o) = -o**3 - 5*o**2 - 11*o - 55. Determine j(-5).
0
Let p(a) = a**3 - 5*a**2 - 13*a + 2. Determine p(6).
-40
Let g(p) = p**3 - 4*p**2 - 4*p - 6. Calculate g(5).
-1
Let y(b) = 13*b + 97. What is y(-6)?
19
Let q(s) = 6*s**2 - 4*s - 3. Calculate q(4).
77
Let n(w) = 4*w + 78. What is n(-20)?
-2
Let z(u) = u**2 - u + 29. Determine z(0).
29
Let x(i) = i**2 + 3*i - 4. Give x(-3).
-4
Let c(d) = -d**3 - 2*d**2 + 2*d - 2. Calculate c(-5).
63
Let a(z) = 3*z + 11. Give a(-6).
-7
Let t(b) = -b**2 + 8*b + 4. Calculate t(7).
11
Let m(w) = 4*w - 11. Calculate m(-13).
-63
Let n(m) = -m**3 - 5*m**2 + 4*m + 17. Give n(-6).
29
Let j(o) = o**3 + 8*o**2 - 4*o - 12. Give j(-9).
-57
Let g(k) = -6*k**2 + 7*k + 26. Determine g(-4).
-98
Let q(z) = -z**3 - 12*z**2 - 6*z + 25. Calculate q(-11).
-30
Let g(q) = -q**2 - 2*q + 44. Calculate g(7).
-19
Let n(k) = -k**3 - 3*k**2 - 3*k - 6. Calculate n(-3).
3
Let c(f) = -f**2 - f + 21. Determine c(0).
21
Let w(i) = -2*i**2 + 9*i + 54. Calculate w(8).
-2
Let m(d) = -4*d. Give m(3).
-12
Let v(m) = 2*m**3 + 55*m**2 - 27*m + 39. Give v(-28).
11
Let s(l) = 3*l**3 - 8*l**2 - 3*l + 3. Give s(3).
3
Let u(c) = -c**3 - 9*c**2 + 10*c + 4. Give u(-10).
4
Let h(w) = w**3 + 12*w**2 + 8*w - 26. What is h(-11)?
7
Let o(k) = k**3 + 7*k**2 + 4*k + 3. What is o(-3)?
27
Let u(d) = d**3 - 10*d**2 + 13*d - 30. Determine u(9).
6
Let o(a) = 5*a + 8. What is o(-9)?
-37
Let f(o) = -o**3 - 35*o**2 + 75*o + 37. Determine f(-37).
0
Let d(f) = 24*f + 1199. Give d(-50).
-1
Let k(l) = l**3 - 13*l**2 + l - 16. Calculate k(13).
-3
Let z(s) = 13*s - 109. Calculate z(9).
8
Let o(k) = -7*k**2 - 36*k + 10. What is o(-5)?
15
Let r(u) = -66*u + 8. Calculate r(1).
-58
Let g(o) = -24*o - 97. What is g(-4)?
-1
Let f(w) = -21*w**2 + 1. Determine f(-1).
-20
Let j(f) = 20*f + 3. Determine j(-2).
-37
Let w(n) = n**3 + 9*n**2 + 9*n - 9. Determine w(-8).
-17
Let r(c) = -c**3 - 6*c**2 - 7*c - 4. Calculate r(-4).
-8
Let g(s) = 3*s + 6. Give g(6).
24
Let n(x) = -2*x + 12. Give n(5).
2
Let m(i) = -i**2 + 7*i - 9. Calculate m(5).
1
Let q(o) = -o + 12. Calculate q(7).
5
Let j(v) = v**3 - 2*v**2 + v + 1. What is j(3)?
13
Let d(f) = 15*f - 21. Calculate d(3).
24
Let q(o) = o**3 + 7*o**2 + 12*o + 21. What is q(-6)?
-15
Let i(t) = -9*t**2 - 31*t - 6. What is i(-5)?
-76
Let m(r) = -r**2 + 9*r - 7. Give m(10).
-17
Let t(y) = y**3 - 7*y**2 - y - 2. Give t(7).
-9
Let u(w) = w**3 + 9*w**2 + 9*w + 9. Determine u(-8).
1
Let z(x) = -15*x + 47. What is z(-5)?
122
Let v(a) = -a**3 - 21*a**2 + 21*a - 31. Give v(-22).
-9
Let l(s) = -6*s + 19. Give l(6).
-17
Let s(o) = 3*o - 9. Determine s(8).
15
Let q(d) = 42*d**3 + 2*d**2 + 4*d - 6. What is q(1)?
42
Let n(p) = 3*p - 6. Give n(2).
0
Let y(s) = 3*s + 59. Give y(-19).
2
Let l(m) = -10*m - 48. Give l(-5).
2
Let i(w) = -w**2 - 21*w + 225. Calculate i(-29).
-7
Let x(v) = v**3 - 5*v**2 - 7*v - 4. What is x(6)?
-10
Let c(j) = -5*j + 1. What is c(3)?
-14
Let x(q) = q**2 + 12*q - 2. Determine x(-10).
-22
Let k(g) = g**2 + 10*g - 2. Give k(-11).
9
Let a(k) = -k**3 - 5*k**2 + 3*k - 6. Calculate a(-6).
12
Let h(d) = -4*d + 79. Calculate h(20).
-1
Let n(q) = 3*q - 26. What is n(13)?
13
Let y(d) = 7*d - 2. What is y(-3)?
-23
Let q(v) = 10*v**3 + 3*v**2 + v - 1. Determine q(-1).
-9
Let a(w) = 38*w + 1. Determine a(1).
39
Let k(m) = m**3 - 12*m**2 + 17*m + 8. What is k(10)?
-22
Let c(f) = -4*f - 71. What is c(-7)?
-43
Let j(t) = t**2 + 3*t - 2. Calculate j(-6).
16
Let h(r) = -r**3 + 4*r**2 - 7*r + 22. Give h(4).
-6
Let l(i) = i**2 + 15*i + 24. Determine l(-4).
-20
Let v(y) = y**2 - 24*y + 26. Determine v(23).
3
Let u(n) = 17*n**2 + 4*n - 1. Calculate u(-1).
12
Let l(i) = i**2 + 20*i + 54. Give l(-18).
18
Let n(z) = 13*z**2 - 88*z - 21. Give n(7).
0
Let f(h) = -h**2 - 2*h + 2. What is f(3)?
-13
Let q(w) = w**3 - 6*w**2 - 3*w. Determine q(6).
-18
Let w(l) = -3*l**2 + 2*l + 1. Determine w(1).
0
Let v(a) = -a + 17. Determine v(12).
5
Let b(f) = -f**3 - 5*f**2 + 6*f - 1. What is b(-6)?
-1
Let f(d) = -7*d - 21. Determine f(9).
-84
Let l(w) = 3*w - 18. Determine l(8).
6
Let b(q) = -6*q - 28. What is b(-4)?
-4
Let k(g) = 3*g - 81. Calculate k(27).
0
Let n(v) = 11*v + 38. Give n(-8).
-50
Let r(l) = -l + 8. Calculate r(-1).
9
Let f(c) = -2*c**3 - 41*c**2 - 21*c - 16. Calculate f(-20).
4
Let p(a) = 26*a - 31. Calculate p(1).
-5
Let q(v) = 15*v + 6. Calculate q(-3).
-39
Let g(j) = 135*j - 402. What is g(3)?
3
Let l(d) = 25*d - 11. Give l(3).
64
Let o(u) = -7*u**2 + 55*u + 5. Calculate o(8).
-3
Let o(a) = a**2 - 3*a - 7. What is o(-4)?
21
Let z(f) = -f - 5. Give z(-11).
6
Let d(n) = -n - 14. Determine d(-12).
-2
Let z(d) = d**2 + 3*d. Give z(6).
54
Let k(b) = -b**3 - 11*b**2 + 2*b + 17. Calculate k(-11).
-5
Let o(x) = -x**3 + 10*x**2 + 9*x + 20. Determine o(11).
-2
Let x(p) = -3*p + 28. Calculate x(-3).
37
Let g(b) = -b + 77. What is g(0)?
77
Let j(h) = -h**3 - 11*h**2 - 8*h - 14. Calculate j(-10).
-34
Let o(c) = c**3 - 14*c**2 - 10*c - 55. Determine o(15).
20
Let p(d) = -2*d**3 - 11*d**2 - 13*d - 7. What is p(-4)?
-3
Let b(o) = o**2 - 7*o - 13. Calculate b(8).
-5
Let h(i) = i**2 + 14*i + 54. Calculate h(-8).
6
Let m(v) = -v**2 - 12*v - 11. Determine m(-10).
9
Let j(r) = 6*r**2 + r + 1. What is j(-1)?
6
Let w(b) = b. Give w(5).
5
Let p(k) = 41*k + 1. What is p(-1)?
-40
Let n(f) = -2*f + 24. What is n(2)?
20
Let c(p) = 5*p + 70. Give c(-12).
10
Let i(j) = -j**3 + 5*j**2 + 5*j - 37. Give i(5).
-12
Let s(q) = -q**3 + 6*q**2 - 4*q + 2. Give s(5).
7
Let i(y) = -y**2 + 3*y - 9. Calculate i(6).
-27
Let q(h) = -h**3 - 25*h**2 + h + 20. Determine q(-25).
-5
Let x(n) = 3*n**2 + 17*n + 9. Calculate x(-8).
65
Let m(g) = -g**2 + 10*g - 19. Determine m(12).
-43
Let y(f) = 8*f + 9. Calculate y(-3).
-15
Let k(n) = n**3 + 11*n**2 + 6*n - 44. What is k(-10)?
-4
Let k(b) = -6*b - 17. Calculate k(-3).
1
Let b(l) = 3*l**2 + 21*l. What is b(-7)?
0
Let a(b) = b**3 + 7*b**2 - 8*b - 1. Determine a(-7).
55
Let u(l) = -9*l - 2. Give u(1).
-11
Let n(j) = j**3 + 2*j**2 - 3*j - 7. What is n(-3)?
-7
Let k(z) = z**2 + 11*z + 13. Calculate k(-3).
-11
Let n(y) = -y**2 - 6*y - 2. Give n(-6).
-2
Let f(p) = -3*p**2 - p + 30. Determine f(-6).
-72
Let m(u) = 3*u**2 + 3*u - 1. What is m(3)?
35
Let j(y) = 13*y + 40. What is j(-7)?
-51
Let z(d) = -d**3 + 11*d**2 - 19*d + 8. Calculate z(9).
-1
Let w(s) = -s**3 + 3*s**2 + 2*s + 3. Give w(4).
-5
Let n(u) = -4*u**2 + 66*u - 145. What is n(14)?
-5
Let c(q) = q**2 + 6*q - 6. Calculate c(-7).
1
Let h(o) = -o**2 + 7*o - 11. What is h(10)?
-41
Let h(w) = w**2 - 31*w + 225. Determine h(15).
-15
Let p(s) = 24*s - 92. Give p(-5).
-212
Let w(m) = 43*m - 330. What is w(8)?
14
Let q(m) = m**3 + 6*m**2 - 9*m - 14. Determine q(-7).
0
Let i(v) = -v + 1. What is i(-6)?
7
Let l(o) = -2*o**2 - 4*o - 2. Calculate l(-2).
-2
Let i(t) = -t**2 - 2*t + 11. What is i(3)?
-4
Let n(a) = -4*a - 5. Give n(-7).
23
Let b(o) = -o**2 - 21*o - 34. Give b(-19).
4
Let y(w) = w**3 - 6*w**2 + w - 13. Give y(7).
43
Let k(t) = -28*t + 26. Give k(3).
-58
Let l(q) = -8*q - 7. Give l(-5).
33
Let l(u) = -u**2 + 8*u - 4. Give l(-6).
-88
Let z(h) = h**3 - 5*h**2 + 14*h - 14. Determine z(3).
10
Let l(h) = -7*h + 55. What is l(7)?
6
Let n(k) = -7*k + 4. What is n(3)?
-17
Let m(x) = -18*x**2 + 1. Give m(2).
-71
Let z(s) = 99*s**3 - s. Give z(1).
98
Let l(y) = y + 1. Determine l(-6).
-5
Let m(q) = -q - 10. Calculate m(5).
-15
Let s(i) = 2*i - 10. Give s(11).
12
Let c(y) = -y**3 + 6*y**2 + 10*y - 79. What is c(5)?
-4
Let f(k) = -9*k - 53. What is f(-5)?
-8
Let a(z) = -z**3 - 8*z**2 + 5*z - 19. What is a(-9)?
17
Let h(l) = -3*l**2 + 38*l + 5. Give h(13).
-8
Let i(p) = 2*p**2 - 92*p + 76. Give i(45).
-14
Let a(f) = 4*f**2 - 3. What is a(2)?
13
Let s(u) = 5*u. Give s(-6).
-30
Let x(v) = -v**2 + 2*v + 57. Determine x(9).
-6
Let u(p) = p**2 - 5*p - 10. What is u(7)?
4
Let j(v) = -2*v**3 - 6*v**2 + 4*v + 13. What is j(-3)?
1
Let w(b) = -5*b + 36. What is w(8)?
-4
Let p(o) = -o**2 + 7*o + 61. Determine p(12).
1
Let j(n) = -2*n + 32. Calculate j(16).
0
Let h(x) = -2*x - 7. What is h(-6)?
5
Let y(h) = -8*h - 27. Give y(2).
-43
Let u(c) = -2*c + 11. Determine u(-5).
21
Let h(c) = -18*c**3 + 7*c + 14. What is h(-2)?
144
Let v(x) = 5*x - 2. Give v(3).
13
Let p(l) = -l 